hat is the units digit of 8283?
3
What is the tens digit of 329?
2
What is the hundreds digit of 258?
2
What is the hundreds digit of 374?
3
What is the units digit of 49953?
3
What is the thousands digit of 7731?
7
What is the thousands digit of 7270?
7
What is the hundreds digit of 2087?
0
What is the thousands digit of 2354?
2
What is the units digit of 34951?
1
What is the thousands digit of 41058?
1
What is the tens digit of 887?
8
What is the units digit of 33713?
3
What is the units digit of 8816?
6
What is the units digit of 1406?
6
What is the ten thousands digit of 17699?
1
What is the thousands digit of 14871?
4
What is the ten thousands digit of 197698?
9
What is the tens digit of 437?
3
What is the units digit of 666?
6
What is the tens digit of 56381?
8
What is the ten thousands digit of 79347?
7
What is the units digit of 26?
6
What is the tens digit of 1161?
6
What is the tens digit of 28274?
7
What is the tens digit of 3565?
6
What is the thousands digit of 1771?
1
What is the hundreds digit of 836?
8
What is the thousands digit of 9674?
9
What is the hundreds digit of 1284?
2
What is the units digit of 289?
9
What is the thousands digit of 6584?
6
What is the tens digit of 1062?
6
What is the units digit of 39122?
2
What is the thousands digit of 11095?
1
What is the ten thousands digit of 12538?
1
What is the units digit of 48?
8
What is the units digit of 10565?
5
What is the thousands digit of 1425?
1
What is the hundreds digit of 92021?
0
What is the tens digit of 22713?
1
What is the tens digit of 5618?
1
What is the thousands digit of 8751?
8
What is the thousands digit of 6962?
6
What is the tens digit of 964?
6
What is the units digit of 539?
9
What is the units digit of 9418?
8
What is the hundreds digit of 936?
9
What is the units digit of 3138?
8
What is the units digit of 8367?
7
What is the units digit of 19302?
2
What is the units digit of 621?
1
What is the units digit of 6081?
1
What is the ten thousands digit of 33228?
3
What is the tens digit of 8229?
2
What is the tens digit of 80939?
3
What is the ten thousands digit of 28202?
2
What is the tens digit of 106?
0
What is the thousands digit of 2723?
2
What is the units digit of 9035?
5
What is the thousands digit of 61021?
1
What is the units digit of 113603?
3
What is the hundreds digit of 7027?
0
What is the tens digit of 1493?
9
What is the hundreds digit of 522?
5
What is the thousands digit of 1080?
1
What is the tens digit of 3469?
6
What is the hundreds digit of 73071?
0
What is the tens digit of 20267?
6
What is the thousands digit of 32190?
2
What is the hundreds digit of 10788?
7
What is the thousands digit of 8144?
8
What is the units digit of 582?
2
What is the tens digit of 56162?
6
What is the units digit of 1191?
1
What is the hundreds digit of 1579?
5
What is the thousands digit of 2323?
2
What is the tens digit of 8076?
7
What is the units digit of 12895?
5
What is the thousands digit of 6921?
6
What is the tens digit of 59119?
1
What is the hundreds digit of 15776?
7
What is the tens digit of 44268?
6
What is the thousands digit of 56723?
6
What is the thousands digit of 4107?
4
What is the units digit of 1217?
7
What is the tens digit of 1400?
0
What is the tens digit of 6200?
0
What is the ten thousands digit of 65123?
6
What is the units digit of 4329?
9
What is the hundreds digit of 1957?
9
What is the tens digit of 7078?
7
What is the units digit of 1869?
9
What is the tens digit of 2032?
3
What is the hundreds digit of 5189?
1
What is the units digit of 47797?
7
What is the units digit of 3966?
6
What is the units digit of 87781?
1
What is the tens digit of 8464?
6
What is the units digit of 8012?
2
What is the units digit of 2010?
0
What is the units digit of 10476?
6
What is the tens digit of 9004?
0
What is the units digit of 474?
4
What is the units digit of 3837?
7
What is the units digit of 5142?
2
What is the tens digit of 38358?
5
What is the tens digit of 40869?
6
What is the tens digit of 19347?
4
What is the units digit of 20808?
8
What is the hundreds digit of 17495?
4
What is the hundreds digit of 14100?
1
What is the hundreds digit of 1635?
6
What is the tens digit of 88?
8
What is the units digit of 2?
2
What is the units digit of 1775?
5
What is the units digit of 19432?
2
What is the tens digit of 2282?
8
What is the units digit of 204?
4
What is the tens digit of 1079?
7
What is the tens digit of 1054?
5
What is the units digit of 272?
2
What is the units digit of 6891?
1
What is the thousands digit of 6354?
6
What is the units digit of 20725?
5
What is the tens digit of 309?
0
What is the hundreds digit of 4759?
7
What is the thousands digit of 1698?
1
What is the tens digit of 875?
7
What is the ten thousands digit of 24990?
2
What is the units digit of 41385?
5
What is the tens digit of 2029?
2
What is the thousands digit of 48498?
8
What is the hundreds digit of 27320?
3
What is the tens digit of 3215?
1
What is the thousands digit of 14487?
4
What is the hundreds digit of 1781?
7
What is the thousands digit of 2557?
2
What is the units digit of 2057?
7
What is the tens digit of 2321?
2
What is the units digit of 8629?
9
What is the units digit of 8879?
9
What is the hundreds digit of 2299?
2
What is the units digit of 689?
9
What is the hundreds digit of 52412?
4
What is the units digit of 17605?
5
What is the hundreds digit of 10374?
3
What is the thousands digit of 1561?
1
What is the tens digit of 4998?
9
What is the tens digit of 3255?
5
What is the tens digit of 196?
9
What is the ten thousands digit of 10749?
1
What is the units digit of 81?
1
What is the units digit of 1277?
7
What is the units digit of 1683?
3
What is the units digit of 24184?
4
What is the units digit of 179?
9
What is the tens digit of 7458?
5
What is the units digit of 824?
4
What is the tens digit of 1119?
1
What is the hundreds digit of 2381?
3
What is the units digit of 5319?
9
What is the ten thousands digit of 94130?
9
What is the units digit of 21550?
0
What is the hundreds digit of 878?
8
What is the hundreds digit of 50558?
5
What is the tens digit of 4784?
8
What is the hundreds digit of 46651?
6
What is the tens digit of 80714?
1
What is the units digit of 1102?
2
What is the tens digit of 4594?
9
What is the thousands digit of 1164?
1
What is the tens digit of 596?
9
What is the tens digit of 25736?
3
What is the hundred thousands digit of 166858?
1
What is the units digit of 1728?
8
What is the hundreds digit of 19114?
1
What is the units digit of 386?
6
What is the tens digit of 15265?
6
What is the thousands digit of 18887?
8
What is the hundreds digit of 1791?
7
What is the tens digit of 40?
4
What is the thousands digit of 14787?
4
What is the hundreds digit of 5786?
7
What is the thousands digit of 70281?
0
What is the hundreds digit of 10226?
2
What is the ten thousands digit of 12038?
1
What is the units digit of 1402?
2
What is the tens digit of 355?
5
What is the tens digit of 158?
5
What is the hundreds digit of 3091?
0
What is the units digit of 1165?
5
What is the units digit of 583?
3
What is the units digit of 16658?
8
What is the units digit of 6285?
5
What is the hundreds digit of 1869?
8
What is the tens digit of 918?
1
What is the thousands digit of 7444?
7
What is the hundreds digit of 3249?
2
What is the tens digit of 5275?
7
What is the units digit of 3095?
5
What is the hundred thousands digit of 122240?
1
What is the thousands digit of 1552?
1
What is the units digit of 2139?
9
What is the hundreds digit of 4699?
6
What is the hundreds digit of 8814?
8
What is the thousands digit of 1261?
1
What is the tens digit of 49695?
9
What is the hundreds digit of 46639?
6
What is the thousands digit of 1325?
1
What is the hundreds digit of 19554?
5
What is the units digit of 1630?
0
What is the hundreds digit of 7238?
2
What is the hundreds digit of 1158?
1
What is the hundreds digit of 2857?
8
What is the hundreds digit of 34660?
6
What is the hundreds digit of 19571?
5
What is the units digit of 53245?
5
What is the thousands digit of 4631?
4
What is the tens digit of 3800?
0
What is the units digit of 10?
0
What is the hundreds digit of 697?
6
What is the hundreds digit of 2187?
1
What is the units di